at are the prime factors of 6561404313?
3, 2187134771
List the prime factors of 5887388469.
3, 19, 7919, 13043
List the prime factors of 179467537.
41, 4377257
List the prime factors of 330195582.
2, 3, 71, 1213
What are the prime factors of 531170137?
19, 1321, 21163
What are the prime factors of 18111086?
2, 7, 17, 1553
List the prime factors of 19648040.
2, 5, 491201
What are the prime factors of 60902237?
11, 5536567
List the prime factors of 7603849427.
23, 1481, 223229
List the prime factors of 8973420.
2, 3, 5, 347, 431
What are the prime factors of 837278350?
2, 5, 1297, 12911
What are the prime factors of 159181925?
5, 7, 909611
List the prime factors of 110780776.
2, 139, 99623
List the prime factors of 487469340.
2, 3, 5, 131, 2297
What are the prime factors of 7783128?
2, 3, 12011
List the prime factors of 73621133.
73621133
List the prime factors of 641889167.
179, 631, 5683
What are the prime factors of 1728545199?
3, 41, 653, 21521
List the prime factors of 29032078.
2, 14516039
What are the prime factors of 64313558?
2, 32156779
List the prime factors of 2922516050.
2, 5, 58450321
What are the prime factors of 74330774?
2, 7, 19, 103, 2713
What are the prime factors of 479849824?
2, 181, 82847
List the prime factors of 1029685917.
3, 13, 47, 61, 9209
List the prime factors of 1341736606.
2, 7, 31, 3091559
What are the prime factors of 909533784?
2, 3, 37897241
List the prime factors of 73512207.
3, 8168023
List the prime factors of 774934719.
3, 13, 1459, 13619
What are the prime factors of 181059664?
2, 19, 601, 991
What are the prime factors of 148315793?
59, 2513827
What are the prime factors of 19038879?
3, 2115431
What are the prime factors of 127816098?
2, 3, 17, 1253099
What are the prime factors of 67683700?
2, 5, 7, 19, 727
What are the prime factors of 90952360?
2, 5, 251, 9059
What are the prime factors of 31221137?
173, 251, 719
What are the prime factors of 76263326?
2, 17, 557, 4027
List the prime factors of 1303105615.
5, 7, 31, 1201019
What are the prime factors of 624815709?
3, 7, 4250447
What are the prime factors of 367401860?
2, 5, 7, 19, 37, 3733
What are the prime factors of 46111855?
5, 53, 174007
What are the prime factors of 62525437?
13, 89, 4157
List the prime factors of 557661053.
557661053
List the prime factors of 429156589.
71, 1259, 4801
What are the prime factors of 178249040?
2, 5, 2228113
What are the prime factors of 5302546614?
2, 3, 294585923
List the prime factors of 97405330.
2, 5, 11, 885503
List the prime factors of 548613434.
2, 23, 509, 23431
List the prime factors of 2529737133.
3, 7, 11, 23, 311, 1531
List the prime factors of 110485450.
2, 5, 79, 83, 337
List the prime factors of 382457059.
382457059
List the prime factors of 886520800.
2, 5, 11, 100741
What are the prime factors of 195843413?
23, 197, 43223
What are the prime factors of 330851193?
3, 110283731
List the prime factors of 27390444.
2, 3, 2282537
What are the prime factors of 59058244?
2, 7, 2109223
What are the prime factors of 958628333?
13, 353, 16069
List the prime factors of 167432560.
2, 5, 19, 59, 1867
What are the prime factors of 23255322?
2, 3, 59, 179, 367
List the prime factors of 7559736.
2, 3, 314989
What are the prime factors of 2552799409?
22039, 115831
What are the prime factors of 1582044348?
2, 3, 19, 6938791
What are the prime factors of 476438181?
3, 4241, 37447
What are the prime factors of 25727587?
25727587
List the prime factors of 2104707354.
2, 3, 59, 5945501
List the prime factors of 7626890191.
787, 9691093
What are the prime factors of 21316318?
2, 67, 271, 587
What are the prime factors of 1704356415?
3, 5, 37874587
What are the prime factors of 93673467?
3, 191, 54493
What are the prime factors of 38997392?
2, 7, 348191
What are the prime factors of 74504436?
2, 3, 137, 45319
What are the prime factors of 2310770047?
71, 32546057
List the prime factors of 1587436626.
2, 3, 29, 9123199
List the prime factors of 170473779.
3, 7, 2705933
List the prime factors of 204590756.
2, 367, 139367
List the prime factors of 528103960.
2, 5, 37, 239, 1493
What are the prime factors of 84257664?
2, 3, 59, 3719
What are the prime factors of 113866004?
2, 7, 569, 1021
List the prime factors of 17599149.
3, 19, 101, 1019
What are the prime factors of 373595261?
13, 28738097
List the prime factors of 5748643032.
2, 3, 11, 701, 31063
List the prime factors of 489314003.
489314003
What are the prime factors of 5037956113?
1319, 3819527
What are the prime factors of 227910151?
7, 23, 1415591
List the prime factors of 58319989.
7, 13, 97, 6607
List the prime factors of 1663121117.
7, 237588731
List the prime factors of 595369787.
31, 43, 367, 1217
List the prime factors of 12216956.
2, 23, 37, 97
List the prime factors of 5316393492.
2, 3, 257, 574621
What are the prime factors of 150089257?
241, 622777
What are the prime factors of 43268693?
13, 97, 34313
List the prime factors of 84089870.
2, 5, 89, 94483
List the prime factors of 893568592.
2, 7, 619, 12889
What are the prime factors of 8575971954?
2, 3, 11, 97, 1339577
List the prime factors of 18166545.
3, 5, 53, 2539
What are the prime factors of 44614410?
2, 3, 5, 389, 3823
What are the prime factors of 254618789?
254618789
List the prime factors of 6817800285.
3, 5, 43, 263, 13397
List the prime factors of 33703712.
2, 7, 379, 397
What are the prime factors of 50300747?
7, 23, 312427
What are the prime factors of 25262997?
3, 191, 44089
What are the prime factors of 203602023?
3, 41, 551767
List the prime factors of 304301732.
2, 7, 10867919
What are the prime factors of 8479568122?
2, 571, 7425191
What are the prime factors of 125217357?
3, 41739119
What are the prime factors of 1587497606?
2, 887, 894869
What are the prime factors of 68676442?
2, 34338221
What are the prime factors of 161239793?
11, 13, 71, 15881
What are the prime factors of 3939389214?
2, 3, 656564869
List the prime factors of 1682324150.
2, 5, 13, 379, 6829
List the prime factors of 3649333278.
2, 3, 608222213
What are the prime factors of 100244679?
3, 33414893
What are the prime factors of 1969396521?
3, 37, 17742311
What are the prime factors of 91973770?
2, 5, 7, 1313911
List the prime factors of 83587727.
23, 3634249
List the prime factors of 1107377880.
2, 3, 5, 7, 73, 18059
List the prime factors of 220247036.
2, 17, 97, 33391
List the prime factors of 1497523255.
5, 299504651
List the prime factors of 57634206.
2, 3, 7, 1372243
What are the prime factors of 4166825401?
4166825401
List the prime factors of 105099726.
2, 3, 17516621
List the prime factors of 708671602.
2, 354335801
List the prime factors of 8642299.
179, 48281
What are the prime factors of 188031884?
2, 47007971
What are the prime factors of 3549856137?
3, 41, 28860619
What are the prime factors of 21104047?
439, 48073
List the prime factors of 77817212.
2, 11, 61, 79, 367
List the prime factors of 2098892402.
2, 97, 199, 54367
List the prime factors of 15001903.
7, 29, 67, 1103
What are the prime factors of 99161773?
937, 105829
What are the prime factors of 814631157?
3, 90514573
List the prime factors of 6223575007.
13, 13901, 34439
What are the prime factors of 16412801?
16412801
List the prime factors of 20550909.
3, 17, 53, 7603
What are the prime factors of 188432463?
3, 62810821
What are the prime factors of 5957994609?
3, 7, 109, 149, 647
List the prime factors of 113686401.
3, 23, 349, 4721
List the prime factors of 1376003926.
2, 11, 62545633
What are the prime factors of 9916748?
2, 157, 15791
What are the prime factors of 40748943?
3, 379, 35839
List the prime factors of 1156983936.
2, 3, 3012979
List the prime factors of 7027816.
2, 47, 18691
What are the prime factors of 37816298?
2, 13, 547, 2659
What are the prime factors of 1469873?
137, 10729
What are the prime factors of 88978007?
19, 23, 37, 5503
What are the prime factors of 84109?
241, 349
List the prime factors of 549453347.
113, 1367, 3557
What are the prime factors of 653283624?
2, 3, 7, 3888593
List the prime factors of 712937022.
2, 3, 7, 311, 54581
What are the prime factors of 300464037?
3, 313, 106661
List the prime factors of 2094954189.
3, 8537, 81799
List the prime factors of 27169784.
2, 3396223
List the prime factors